actors of c(p)?
19
Suppose 0 = -d + 3*f - 7*f + 14, 5*d = 4*f - 2. Suppose -d*j + 4*q = 2*q - 48, -2*q = 3*j - 52. Suppose -j = -3*g - g. List the prime factors of g.
5
Suppose 0*a = a - 15. Suppose -a = 4*j - 9*j. Suppose 32 = 3*o - 5*d, 2*o + j*o + 2*d - 12 = 0. List the prime factors of o.
2
Let r = 1 + 1. Let j(c) = -c**2 - c. Let q be j(-1). Let x = r - q. What are the prime factors of x?
2
Let i(f) = -f - 3. Let w(j) be the third derivative of -j**4/24 - 2*j**3/3 + 3*j**2. Let g(h) = -4*i(h) + 3*w(h). List the prime factors of g(7).
7
Let g(z) = z - 2. Let m be g(6). Let x(n) = 0*n - 7 - 2*n + m*n + 4. What are the prime factors of x(6)?
3
Let h(g) = 9*g**2 - g + 2. Let s be h(2). Let m = -16 + s. Suppose 5*v - 7*y = -2*y + m, 0 = -5*v - 5*y + 40. What are the prime factors of v?
2, 3
Suppose -5*m + c + 154 = 2*c, -2*m - 4*c + 58 = 0. Let p = 43 - m. List the prime factors of p.
2, 3
Suppose 2*f + f - 30 = 0. What are the prime factors of f?
2, 5
Let a(g) = -10*g + 7*g + g**2 - 4 + 7*g. Let p be 7*-1 - -1*1. List the prime factors of a(p).
2
Suppose f - 14 = -0*f - 2*k, 3*k = 3*f + 3. Suppose -f*o = 12 - 32. List the prime factors of (o/(-2))/((-3)/18).
3, 5
Let b(x) = x**2 - x - 4. Let k be b(3). Suppose -3*w - 9 = 0, 3*c + w = -k*w - 9. Suppose c = -m + 3 - 4, -2*d + m = -15. What are the prime factors of d?
7
Suppose 5*v = -5*u + 35, v - 6*v - u = -51. Suppose -3*q - 2 = -v. Suppose -m + q + 4 = 0. List the prime factors of m.
7
Let r be 3 - (1 + 1 - 1). Suppose -u = 0, -4*u = 3*p + r*p - 50. What are the prime factors of p?
2, 5
List the prime factors of (2 + 69/2)*(5 + -1).
2, 73
Suppose 3*z - 7 = -1. Let d = 10 + -10. Let g = d + z. What are the prime factors of g?
2
Suppose 0*m = 3*m + 3. Let q(o) = 24*o**2. List the prime factors of q(m).
2, 3
Let q = 95 - 47. List the prime factors of q.
2, 3
Let u(x) = x**2 + 5*x - 11. Let v(f) = f**2 - f - 1. Let o(j) = -j**3 + j**2 - 1. Let g be o(1). Let s(d) = g*u(d) + 2*v(d). List the prime factors of s(7).
3
Let m(a) be the third derivative of -a**5/60 - a**4/3 - 3*a**3/2 - a**2. Let l be m(-7). List the prime factors of (l/(-5))/(2/40).
2
Suppose 4*c - 4*q = q + 723, 5*c - 4*q = 906. List the prime factors of c.
2, 7, 13
Let s(h) = 0*h**2 + 2*h**2 - 2*h**3 - 2*h - 3*h**2 - 2. Suppose -5*p = -10*d + 5*d - 5, -3*p = -d + 1. What are the prime factors of s(d)?
2, 7
Let s be 37 - ((0 - -1) + 0). Suppose -s = 2*f - 3*f. List the prime factors of (-1)/((-39)/f - -1).
2, 3
Let s = 6 + -6. Suppose s = -2*y + 20. List the prime factors of y.
2, 5
Let a(k) = k - 5. Let h = 26 - 18. Let n be a(h). Suppose c + z - 10 + 0 = 0, -n*c + 25 = 2*z. List the prime factors of c.
5
Suppose -14 = -2*s + 4*n, 0*n - 11 = -3*s + n. Suppose i + 2*z + 0 = -15, -s*z - 55 = 4*i. Let m = 27 + i. What are the prime factors of m?
2, 7
Suppose 0 = -2*s + 6*s - 12. Suppose 5*v - s*z - 22 = 0, 4*v - 3*z - z - 24 = 0. Suppose -3*u - 10 = -8*u, 0 = -v*j - 4*u + 14. List the prime factors of j.
3
Let p(u) = 11*u**2 + u + 1. List the prime factors of p(2).
47
Let d = 11 - 9. List the prime factors of d.
2
Let h(m) = -2*m - 5. Let z(d) = 1. Let v be 2/(1/(-2) - -1). Let u(x) = v*z(x) + h(x). List the prime factors of u(-6).
11
Let t = -12 - 16. Let j be ((-4)/(-8))/((-2)/t). Let m = 13 - j. What are the prime factors of m?
2, 3
Let a = 98 + -70. Suppose -2*n + 12 = 4*o - a, -52 = -4*n - o. List the prime factors of n.
2, 3
Let m(y) = 10*y**3 - 7*y**2 + 7*y + 3. List the prime factors of m(3).
3, 7, 11
Let m(g) = -g - 14. Let z be m(-14). Suppose z = -n - 5 + 33. What are the prime factors of n?
2, 7
Let l(v) = -v + 10. Let s be (-17)/(-3) + 10/(-15). List the prime factors of l(s).
5
Suppose 4*d - 10 - 6 = 0. Suppose 30 = s + d*s. Suppose j - t = s, 33 = 4*j + j - 4*t. List the prime factors of j.
3
Let h be (-5)/((-15)/6) - -2. Let q(u) = 4*u - 9 - 3*u - h*u. What are the prime factors of q(-7)?
2, 3
Let m be -5*((-2)/(-2))/(-1). Suppose -5*c + m = -15. List the prime factors of c.
2
Let v(g) = -g + 7. Let q be v(7). Suppose 4*o - 4*b - b = 5, b + 1 = q. Suppose w - c = -o*c + 7, 0 = -2*c - 2. List the prime factors of w.
2, 3
Suppose -3*x + 14 = l + 3*l, 3*l + 2 = 4*x. Suppose k + l + 1 = 0. What are the prime factors of 17/k*-3 - 0?
17
Let q be -2 + -6*12/(-9). Suppose 3*f = q*f - 39. What are the prime factors of f?
13
Let a be 2/(-4) - (-3)/6. Suppose 3*i = -5*t + 28, 3*t = -4*i - a*t + 41. List the prime factors of i.
11
Suppose 5 - 46 = -2*u + o, 0 = -2*u - 5*o + 35. List the prime factors of u.
2, 5
Suppose 250 = 5*t - 0*t. List the prime factors of t.
2, 5
List the prime factors of (24 + -26)/(1 + -2).
2
Suppose 16 = 4*c - 5*w, 2*c + 2*w = w + 22. Suppose g = 5*q + 9, -2*g = -0*g - q - c. What are the prime factors of g?
2
Suppose -2*f + 0*f = -2404. Let d be f/10 + 3/(-15). Suppose 0 = -5*h + 5*r + d, -22 - 21 = -2*h + r. List the prime factors of h.
19
Let a = -31 - -17. Suppose -47 + 12 = 5*b. Let u = b - a. List the prime factors of u.
7
Let p(c) = 2*c**2 - 7*c + 11. List the prime factors of p(5).
2, 13
Suppose -3*n + 25 = -5. What are the prime factors of 3/(1*3/n)?
2, 5
Suppose 0*k = -5*k + 10. Let v(l) be the third derivative of l**6/60 - l**5/20 + l**4/6 - l**3/2 - 6*l**2. What are the prime factors of v(k)?
3
List the prime factors of (-3)/(3/(-13)) + 3.
2
Suppose 2*b - 3*w + 6 + 10 = 0, -3*w = b + 8. List the prime factors of b/3*(-42)/8.
2, 7
Let k(h) = -7 + 1 + 0 - 4*h. List the prime factors of k(-4).
2, 5
Let k = -2 + 9. Suppose 4*w - 5 = k. List the prime factors of (w/2)/((-5)/(-10)).
3
Let r be -4*-2*(0 + 1). Let t(g) = g - 4. Let b be t(r). Suppose -7 = 3*q - b*q. What are the prime factors of q?
7
Let k = -7 + 12. Let l(d) = -1 + 3 - 3 + d. List the prime factors of l(k).
2
Suppose 98*n - 97*n - 240 = 0. List the prime factors of n.
2, 3, 5
Let r(a) = -a**3 - 8*a**2 - 8*a - 3. Let l be r(-7). Suppose w = -w - l*p + 32, 3*w - 4*p - 18 = 0. List the prime factors of w.
2, 5
Let c = 193 - 299. Let a = c - -164. What are the prime factors of a/8 - (-4)/(-16)?
7
Let l(a) = a**3 - 3*a**2 - 4*a + 4. Suppose 5 = 3*y - 7. Let t be l(y). Let p = -2 + t. What are the prime factors of p?
2
Suppose 0 = x + 2*v, -v - 3*v + 12 = 4*x. List the prime factors of 2/x - (-106)/6.
2, 3
Let h(y) = y + 101. Let n be h(0). Suppose -5*c + i + 56 + 57 = 0, -3*i + n = 5*c. What are the prime factors of c?
2, 11
Let u(i) = i - 1. Suppose 1 = 3*c - 8. Suppose y - 5*n = -18, 0 = y - c*y - 4*n + 34. List the prime factors of u(y).
2, 3
Let x = -76 + 106. What are the prime factors of x?
2, 3, 5
Let s = -98 + 345. What are the prime factors of s?
13, 19
Let x(w) be the first derivative of w**4/4 - w**2 - w - 2. What are the prime factors of x(2)?
3
Let i(y) = -y + 1. Let v(n) = 10*n + 20. Let s(h) = i(h) - v(h). Let r(l) = 5*l + 9. Let u(q) = 13*r(q) + 6*s(q). List the prime factors of u(-3).
2, 3
Let f(y) = 2*y**3 + y + 1. Let o be f(2). Let t = -13 + o. List the prime factors of t.
2, 3
Suppose 0 = -m - 2*m - 4*n - 64, -m = 2*n + 18. Suppose -k - 22 = -5. Let p = k - m. What are the prime factors of p?
11
Suppose -s - x - 11 = 5, -3*s + 3*x = 24. Let k(g) = g**3 + 7*g**2 - 12*g - 10. Let u be k(-8). Let q = u + s. List the prime factors of q.
2, 5
Let b(u) = -u**3 + 3*u**2 + 6*u - 6. Suppose 3*g - 20 = -2*g. Let r be b(g). What are the prime factors of (-44)/(-6) + r/(-6)?
7
Let f(w) = 15*w**2 - w + 1. Let t(n) = -44*n**2 + 3*n - 3. Let u(c) = -11*f(c) - 4*t(c). What are the prime factors of u(1)?
11
Suppose -3*t = t - 284. Let r = -33 + t. List the prime factors of r.
2, 19
Let l(c) = -4*c - 4. What are the prime factors of l(-8)?
2, 7
Suppose 9*o + 5 = 10*o. Suppose 5*k + 112 = 3*z, -o*k = 3 + 7. What are the prime factors of z?
2, 17
Let i(g) = -4*g - 3. Let m be -1*(-7)/(-1) + -2. What are the prime factors of i(m)?
3, 11
Let o = -13 + 19. Let f(c) = 0 + 0 + c. What are the prime factors of f(o)?
2, 3
Suppose 2 = -t + 8. What are the prime factors of t?
2, 3
Let p(a) be the first derivative of -a**4/4 - a**3/3 - 3*a**2/2 - 4*a + 6. List the prime factors of p(-3).
23
List the prime factors of ((-231)/(-44))/((-3)/(-16)).
2, 7
Let i(r) = 2*r**3 + 17*r**2 - 9*r - 5. List the prime factors of i(-8).
131
Let d(j) = -2*j + 